 factors of n?
2
Suppose -78 = 3*k - 33. Let x = k - -11. Let a(t) = -t**2 - 6*t - 6. What are the prime factors of a(x)?
2
Suppose 2*k - 1 - 7 = 0. Suppose 5*l = -j + 1, -5*l + 57 = -k*j + 161. Suppose 2*t - j - 3 = 0. List the prime factors of t.
2, 3
What are the prime factors of ((-9)/(-2) - 3)*1*160?
2, 3, 5
Suppose -10 = -2*r - y - 0, -3*r = y - 14. Suppose r*w - 15 = 17. What are the prime factors of w?
2
Let x(n) = -n**2 - 7*n - 4. Let l be x(-5). Let t = l - 4. List the prime factors of t.
2
Let u(g) = -3*g - 19. List the prime factors of u(-7).
2
Let s = 29 + -17. What are the prime factors of (-1 + -2)*(-28)/s?
7
Suppose -4*y - 1 = 59. Let o = 21 + y. Suppose 4*n - 2 = o. What are the prime factors of n?
2
Suppose 2*z + 5 = 15. Suppose 3 - 23 = -z*d. Suppose -d*q = 5*w - 41, w - 13 = 3*q - 5*q. List the prime factors of q.
2
Let r(l) = -l**2 - 5*l + 3. Let g be r(-7). Let h(j) = j**3 + 12*j**2 + 11*j + 8. What are the prime factors of h(g)?
2
Suppose 4*l + 8 = 0, 4*o = -6*l + l - 54. Let p(q) = 2*q**2 - 10*q + 16. Let m be p(5). Let r = m + o. List the prime factors of r.
5
Suppose 7 - 22 = -5*k. Suppose -k*q - 2*q = -115. Suppose -3*s - 5 = -q. What are the prime factors of s?
2, 3
Let q = 9 - -3. Suppose -q = 4*m - 188. Suppose 0*v + 4*v - m = 0. List the prime factors of v.
11
What are the prime factors of ((-36)/5)/((-10)/75)?
2, 3
Let g(x) = -x**3 + 7*x**2 - 6*x - 1. Let s be g(6). Let p = s - -1. Suppose 0 = 4*y - 2*f - 60, p = 4*y + 3*f + 2*f - 46. List the prime factors of y.
2, 7
Let p = 5 - 9. Let t be 78/(-8) + (-4)/16. Let q = p - t. What are the prime factors of q?
2, 3
Suppose -60 = -4*w + w. Suppose -2*p + w = 2*p. Suppose -p*k + 22 = -3. What are the prime factors of k?
5
Suppose 0 = -4*s + i, -6*s + 3*i = -s. Suppose 0 = -s*j + 4*j - 16. What are the prime factors of j?
2
Suppose -5*x = -3*x - 86. List the prime factors of x.
43
Suppose -4*v + 8 = 7*g - 3*g, 4*v - g = -2. Let l = 4 - v. List the prime factors of (-24)/9*(-6)/l.
2
Let p(l) = l**2 + 2*l + 11. Suppose 5*j - 2*n + 10 = -0*j, 4*n = -j + 20. What are the prime factors of p(j)?
11
Let c(r) be the third derivative of 5*r**4/12 + 2*r**2. Suppose -2*b + 10 = -b - 3*s, -14 = -2*b + 4*s. List the prime factors of c(b).
2, 5
Let k(y) = -y**3 + 2*y**2 - 2*y + 12. List the prime factors of k(0).
2, 3
Let s = 0 + 2. Let t be 4/(s - 0) - -1. Suppose 9*o - 9 = 4*o + t*w, 5*o + 5*w = 25. What are the prime factors of o?
3
Let v be (-34)/(-2)*(6 - 5). Let g = 52 - v. List the prime factors of g.
5, 7
Let m(y) = -13*y - 29. List the prime factors of m(-12).
127
Suppose -4*n + 4*f = -4, 4*n + 5*f = -6 + 1. Suppose 4*c + 0 = 8. Suppose 53 = 2*o - 5*v, n = -c*o + v - 0*v + 33. List the prime factors of o.
2, 7
Let f be 9/(-12) - (-2)/(-8). What are the prime factors of 0/f + 21/1?
3, 7
Suppose 4*k + 8 = -3*h - 12, -2*k = 10. Suppose 4*n + 2*l - l - 33 = 0, -n + 3*l - 8 = h. What are the prime factors of n?
7
Let y be 3/(((-2)/(-6))/1). Let x(u) = u**3 - 9*u**2 + 2*u + 2. List the prime factors of x(y).
2, 5
Let a = 64 + -32. List the prime factors of a.
2
Let l = -225 - -365. Suppose 6*p + 3*j + l = 10*p, -2*p = -3*j - 64. What are the prime factors of p?
2, 19
Let w = 15 + 7. What are the prime factors of w?
2, 11
Let l(z) = 3*z**2 + 6*z + 6. Let t be l(-4). Let v be 4/(-10) - 18/t. What are the prime factors of (-5 + -1)*v/2?
3
Suppose 3*z = -y + 12, 4*z - 2*y = 2 + 4. Suppose -2*l = 4*h - 2, -z*l - 5 = 4. Suppose -26 = -4*q + 2*v, v + h*v + 11 = 2*q. What are the prime factors of q?
7
Let u = 2 - 0. Suppose -u = f - 2*f. Suppose 2*g - 16 = 2*r, -f*r + 0*r = 2*g - 24. List the prime factors of g.
2, 5
Let q(d) = 6*d**2 + 10*d - 7. What are the prime factors of q(6)?
269
Let o(s) = -2*s**2 - 2*s**2 + 3*s**2 + 11*s. Let q(w) = -w**2 - 11*w - 10. Let k be q(-9). What are the prime factors of o(k)?
2, 3
Let j = 121 + -73. What are the prime factors of j?
2, 3
Suppose i = 3*i - 6. Suppose 6*o = -3*g + 3*o + 12, -4*o - 12 = -i*g. What are the prime factors of g?
2
Let p = -3 + 6. Suppose 6*x + 3*v - 7 = 2*x, 2*v + 6 = 0. Suppose 0 = p*o - x - 2. What are the prime factors of o?
2
Let r be (-7)/14 + (-21)/(-2). Suppose 3*z + 4 = -4*q, -3*q - r = 7*z - 3*z. List the prime factors of q.
2
Suppose 2*j - 4*j + 12 = 0. List the prime factors of j/21 - 206/(-14).
3, 5
Let k = 11 - 13. What are the prime factors of -2*(-1)/(k/(-25))?
5
Let l be ((-6)/4)/(1/2). List the prime factors of (10/l)/((-2)/9).
3, 5
Let m be (-500)/(-24) - 1/(-6). Suppose -m = -2*x + 5. List the prime factors of x.
13
Let o(l) = l + 3. Let j be o(5). Let q = -4 - 0. List the prime factors of 50/j + (-3)/q.
7
Let h(a) = -3*a - 3. Let g be h(-2). Let l(s) = s**3 + 2*s**2 - s - 4. What are the prime factors of l(g)?
2, 19
Let u = -44 + 76. Let i = u - 24. What are the prime factors of i?
2
Let s be 84/(-9)*(-9)/6. What are the prime factors of s/(-3 - (-10)/2)?
7
Let s(n) = n**3 - 5*n**2 + 5*n - 2. Let k be 13/3 - (-6)/(-18). Let w be s(k). Suppose 2*x + v + 31 = 7*x, 0 = w*v - 8. List the prime factors of x.
7
Let s be 2/(-9) + 1197/(-81). What are the prime factors of ((-36)/s)/(6/80)?
2
What are the prime factors of (3 + (-33)/9)/((-2)/306)?
2, 3, 17
Suppose -3*j = -4*j + 14. Let w = -1 + j. List the prime factors of w.
13
Let z = -8 + 8. Suppose -4*x - 3*g = z, 4*g + 2 + 8 = -2*x. Suppose x = v - 3. List the prime factors of v.
2, 3
Let t(z) = -z**3 - 8*z**2 + 3*z + 6. Let x be t(-9). Suppose -2*j - x = -7*j. What are the prime factors of j?
2, 3
Suppose 4 + 10 = d. List the prime factors of d.
2, 7
Suppose 2*u + 2 = 3*u. What are the prime factors of ((-63)/(-7))/(u/2)?
3
Let k = -16 + 10. Let z be (k/(-9))/(2/9). Let f(l) = l**2 - l. List the prime factors of f(z).
2, 3
Let o(l) = -2*l**3 - l + 1. Let u(k) = -k**2 - k + 1. Let n be u(-1). Let a be o(n). List the prime factors of (6/(-9))/(a/33).
11
Let b(q) = -2*q - 4. Let m be b(-5). Suppose -2 - m = -2*d. Suppose j = -d*g - j + 52, 3*j = 0. List the prime factors of g.
13
Let y(w) = 7*w**2 - 2*w - 4. Let o be y(3). Suppose -o = -5*c - 5*z - 8, -c = 4*z - 6. What are the prime factors of c?
2, 5
Suppose z = 2*u - 20, 4*u - 5*z + 8 = 54. Let v = u - 7. List the prime factors of v.
2
Let u(i) = -i**2 - 7*i - 2. Let b be (-26)/((2 - 3) + -1). Let c = b - 19. What are the prime factors of u(c)?
2
Suppose 0 = 3*s - 2*t - 423, -3*s = -5*s - 2*t + 282. What are the prime factors of s?
3, 47
Suppose -685 + 89 = -4*c + 4*r, -c + 133 = 3*r. What are the prime factors of c?
5, 29
What are the prime factors of (-8)/(-20) + 963*(-1)/(-5)?
193
Suppose -144 = -3*b - 3*f - 0*f, -5*b = -3*f - 240. List the prime factors of b.
2, 3
Suppose -2*w - 2*w + 4 = 0, -3*l + 2*w = 2. Let b = 3 + l. List the prime factors of b.
3
Let c = -12 - -33. Suppose -3*q + 2*b + c = 1, 0 = 2*q + 5*b - 26. List the prime factors of q.
2
Suppose -11 = -4*b + 9. Suppose 0 = -5*l + a + 299, -b*a + 228 = 4*l - 3*a. List the prime factors of l.
59
Let s(o) = -o**2 - 18*o - 26. List the prime factors of s(-9).
5, 11
Suppose 112 = 3*k + 5*d + 41, 4*k - 4*d - 116 = 0. What are the prime factors of k?
3
Let d(o) = 9*o + 2. Let a be d(4). Suppose 5*j - 68 = -3*u, -6*u = -2*u + 5*j - 94. Let p = a - u. What are the prime factors of p?
2, 3
Suppose -5*p - 25 = -0*p + 5*n, -n - 5 = -2*p. Suppose -5*f - 2*u + 76 = p, 6 = -5*u + 21. What are the prime factors of f?
2, 7
Suppose 5*l = 4*s - 52, -5*l = -2*s + 29 - 3. List the prime factors of s.
13
Let x(u) = -3*u**3 + u**2 + u. Let y be x(-1). Suppose -4 = h + y*h. List the prime factors of h + (-6)/(-2) - -8.
2, 5
List the prime factors of 3 + (0 + -4)/(-4).
2
Let b(r) be the third derivative of r**4/6 - 2*r**3 - 3*r**2. What are the prime factors of b(6)?
2, 3
Let k(h) = -4*h + 3. Let t be k(-5). Let b = t + -9. List the prime factors of b.
2, 7
Suppose 9*q - 4*q - 8 = -4*n, -4*q - 4*n = -8. Let w = q - -2. What are the prime factors of w?
2
Let t(y) = 3*y - 1. Let z be t(9). Let c = z + -14. What are the prime factors of c?
2, 3
Let d(x) be the first derivative of -3*x**3 + 1/4*x**4 + 3 + 1/2*x**2 - 5*x. List the prime factors of d(9).
2
Suppose 2*u = -2*l - 0*u + 52, -5*l - 3*u + 122 = 0. List the prime factors of l.
2, 11
Let z(i) = i**3 + 7*i**2 + 1